2658
What is the highest common divisor of 1 and 2748381?
1
Calculate the greatest common divisor of 44898 and 164598.
42
Calculate the greatest common divisor of 936 and 8847774.
234
What is the greatest common divisor of 25848326 and 316?
158
What is the greatest common factor of 961975 and 247250?
575
Calculate the greatest common factor of 114912 and 52686.
18
Calculate the highest common factor of 7236 and 1087452.
108
What is the greatest common factor of 14084039 and 211?
211
What is the greatest common divisor of 1824 and 844284?
228
What is the highest common factor of 95692 and 17432?
4
What is the greatest common factor of 210 and 64424710?
70
Calculate the highest common factor of 47564541 and 1467.
1467
Calculate the highest common factor of 262144 and 5733632.
256
What is the greatest common divisor of 4004245 and 7700?
35
Calculate the highest common factor of 81000 and 104652.
324
Calculate the highest common divisor of 102 and 11357054.
34
Calculate the greatest common divisor of 2363295 and 231.
33
Calculate the greatest common divisor of 436 and 417779342.
218
Calculate the greatest common factor of 1387505058 and 114.
114
What is the highest common divisor of 224402193 and 51?
51
What is the greatest common divisor of 115993661 and 5614?
2807
What is the highest common divisor of 122334401 and 2170?
217
Calculate the greatest common factor of 13520 and 1067560.
520
What is the greatest common divisor of 70006530 and 20?
10
Calculate the highest common factor of 2935429 and 3454.
157
Calculate the highest common divisor of 15 and 391797545.
5
Calculate the greatest common factor of 25211 and 5878612.
1483
Calculate the greatest common divisor of 1105242494 and 82.
82
Calculate the greatest common divisor of 29 and 12602617.
29
What is the greatest common factor of 118003804 and 296?
148
Calculate the highest common factor of 17754223 and 237.
79
What is the greatest common factor of 640 and 54557960?
40
What is the highest common divisor of 69451 and 135917?
199
Calculate the highest common factor of 1 and 4508704.
1
Calculate the highest common divisor of 6629832 and 594.
198
What is the highest common factor of 54956 and 27236?
44
Calculate the highest common divisor of 7906 and 1425381.
59
Calculate the greatest common divisor of 52675 and 41650.
1225
Calculate the greatest common factor of 210490402 and 2.
2
Calculate the greatest common divisor of 1895274 and 231318.
1278
What is the greatest common factor of 2368 and 1179856?
592
Calculate the greatest common divisor of 46 and 48478457.
23
Calculate the greatest common factor of 2598156 and 302.
2
Calculate the greatest common factor of 14755065 and 170.
85
What is the greatest common factor of 137141 and 15184819?
4729
Calculate the greatest common factor of 291860 and 280.
20
What is the highest common factor of 3768 and 54630348?
1884
Calculate the greatest common divisor of 155744 and 358112.
992
Calculate the greatest common factor of 2836512 and 34398.
2646
What is the greatest common factor of 369 and 16397376?
123
What is the highest common factor of 446649 and 17346?
21
Calculate the highest common divisor of 2263864 and 128.
8
What is the highest common divisor of 22012479 and 117?
9
What is the greatest common divisor of 1092776 and 2392?
184
What is the highest common factor of 2137373 and 28?
7
Calculate the highest common divisor of 1318683 and 23616.
123
Calculate the greatest common divisor of 133302 and 317186982.
10254
What is the greatest common factor of 80469794 and 8?
2
What is the greatest common divisor of 387 and 2365?
43
Calculate the highest common divisor of 524224 and 2112.
64
Calculate the highest common factor of 30229668 and 189.
63
What is the greatest common divisor of 2005 and 47205?
5
What is the highest common factor of 60 and 280506230?
10
What is the greatest common factor of 265 and 36267635?
265
What is the greatest common factor of 105110 and 90850?
230
What is the greatest common factor of 3357431 and 147?
49
Calculate the greatest common divisor of 2445 and 1505631.
489
What is the greatest common divisor of 710 and 5829455?
355
What is the greatest common factor of 1013 and 1506331?
1013
What is the greatest common factor of 2668 and 58792164?
116
Calculate the greatest common divisor of 26988352 and 9455.
1891
Calculate the highest common factor of 46523247 and 213.
213
Calculate the highest common divisor of 390 and 27830634.
78
Calculate the highest common divisor of 297 and 25373709.
27
Calculate the greatest common factor of 3456302 and 331.
331
What is the greatest common factor of 25 and 208784?
1
Calculate the greatest common divisor of 56776698 and 1386.
198
Calculate the greatest common divisor of 24211992 and 41664.
5208
What is the greatest common divisor of 48288 and 30656?
32
Calculate the highest common factor of 1525091 and 354.
59
What is the highest common factor of 578 and 2772343?
17
Calculate the greatest common divisor of 9748809 and 4536.
189
Calculate the greatest common factor of 51044035 and 7791.
2597
Calculate the highest common factor of 289182050 and 3350.
3350
Calculate the highest common divisor of 144 and 292748448.
48
Calculate the greatest common factor of 2838 and 13784940.
258
Calculate the greatest common factor of 48456 and 34380.
36
What is the greatest common divisor of 538771208 and 2516?
2516
What is the highest common divisor of 76396 and 294508?
284
What is the greatest common divisor of 248820018 and 2076?
1038
What is the highest common factor of 24101604 and 1804?
164
Calculate the greatest common divisor of 1222217 and 6431.
109
What is the highest common divisor of 384 and 4092864?
192
What is the highest common divisor of 1614162 and 14058?
66
What is the greatest common divisor of 12883 and 416?
13
What is the highest common factor of 31629 and 31954?
13
What is the greatest common divisor of 57723 and 84632?
71
Calculate the greatest common divisor of 16646377 and 2871.
319
What is the highest common divisor of 6342128 and 624?
208
Calculate the greatest common factor of 89869 and 276861.
403
Calculate the greatest common divisor of 9875187 and 1071.
63
What is the greatest common divisor of 19999629 and 7290?
243
Calculate the greatest common divisor of 5676 and 270061242.
2838
What is the greatest common factor of 59245 and 427015?
205
Calculate the highest common factor of 2861966 and 32086.
526
What is the greatest common divisor of 135087150 and 21945?
3135
What is the highest common factor of 57 and 2712478?
19
Calculate the highest common divisor of 180 and 25162470.
90
Calculate the greatest common divisor of 40381 and 20141.
11
Calculate the highest common divisor of 136125 and 1041931.
121
Calculate the greatest common divisor of 36285 and 2017815.
615
What is the greatest common factor of 295617 and 9?
3
What is the highest common divisor of 1100096 and 1728?
64
Calculate the greatest common factor of 959191 and 136.
17
What is the highest common divisor of 690384 and 72960?
912
What is the greatest common factor of 1312 and 108503712?
1312
Calculate the highest common divisor of 2809 and 26816887.
53
What is the greatest common divisor of 354 and 21271034?
118
Calculate the highest common factor of 36 and 39014772.
12
What is the greatest common factor of 12427 and 96964957?
731
Calculate the greatest common factor of 290472340 and 3711.
1237
What is the greatest common divisor of 168130 and 12090525?
4945
What is the greatest common factor of 222732 and 40359684?
3228
Calculate the greatest common factor of 4226176 and 548.
548
What is the highest common divisor of 2306248 and 238?
14
What is the greatest common factor of 24045 and 210189?
21
What is the greatest common divisor of 4494985 and 1375?
55
What is the greatest common factor of 63837 and 5005485?
369
Calculate the greatest common factor of 499872 and 69946.
82
What is the greatest common factor of 141748743 and 6456?
807
What is the greatest common factor of 3816 and 220680?
72
What is the highest common factor of 355101600 and 1344?
672
What is the greatest common divisor of 345033561 and 435?
87
What is the greatest common divisor of 71060 and 1992188?
836
Calculate the highest common factor 